{"id":1139,"date":"2018-08-30T13:19:33","date_gmt":"2018-08-30T16:19:33","guid":{"rendered":"https:\/\/isgoya-crr.infd.edu.ar\/sitio\/plan-de-estudio-13\/"},"modified":"2018-11-21T20:13:59","modified_gmt":"2018-11-21T23:13:59","slug":"plan-de-estudio-13","status":"publish","type":"page","link":"https:\/\/isgoya-crr.infd.edu.ar\/sitio\/plan-de-estudio-13\/","title":{"rendered":"Plan de Estudio Producci\u00f3n Agropecuaria"},"content":{"rendered":"<p>ESTABLECIMIENTO:<span style=\"background-color: #77a552;\">\u00a0<strong>INSTITUTO SUPERIOR \u00abGOYA\u00bb<\/strong><\/span><\/p>\n<p>DENOMINACI\u00d3N DE LA CARRERA:\u00a0<span style=\"color: #77a552;\"><strong>\u00abTECNICATURA SUPERIOR EN GESTION DE LA PRODUCCION AGROPECUARIA\u00bb<\/strong><\/span><\/p>\n<p>DECRETO\/RESOLUCI\u00d3N:\u00a0<strong>RESOLUCI\u00d3N N\u00b0 E\/T<\/strong><\/p>\n<p>T\u00cdTULO QUE OTORGA:\u00a0<span style=\"color: #77a552;\"><strong><em>TECNICO SUPERIOR EN GESTION DE LA PRODUCCION AGROPECUARIA<\/em><\/strong><\/span><\/p>\n<p>T\u00cdTULO INTERMEDIO: &#8212;&#8212;&#8212;&#8212;&#8212;&#8212;&#8212;&#8212;&#8212;&#8212;&#8212;&#8211;<\/p>\n<p>DURACI\u00d3N DE LA CARRERA:\u00a0<em><strong>TRES A\u00d1OS<\/strong><\/em><\/p>\n<p><strong>\u00a0<\/strong><\/p>\n<table border=\"0\">\n<thead>\n<tr>\n<td style=\"border: 1px solid #77a552; background-color: #77a552;\" colspan=\"4\" scope=\"col\" valign=\"middle\"><strong>PRIMER A\u00d1O<\/strong><\/td>\n<\/tr>\n<tr>\n<td style=\"border: 1px solid #77a552;\" scope=\"col\" valign=\"middle\">\u00a0<strong>\u00a0Unidad curricular<\/strong><\/td>\n<td style=\"border: 1px solid #77a552;\" scope=\"col\" valign=\"middle\">\u00a0<strong>\u00a0R\u00e9gimen\u00a0<\/strong><\/td>\n<td style=\"border: 1px solid #77a552;\" scope=\"col\" valign=\"middle\"><strong>\u00a0Formato<\/strong><\/td>\n<td style=\"border: 1px solid #77a552;\" scope=\"col\" valign=\"middle\"><strong>Horas<\/strong><\/p>\n<p><strong>Did\u00e1cticas<\/strong><\/td>\n<\/tr>\n<\/thead>\n<tbody>\n<tr>\n<td style=\"border: 1px solid #77a552;\" scope=\"col\" valign=\"middle\">Relaci\u00f3n Estado Y Sociedad<\/td>\n<td style=\"border: 1px solid #77a552;\" scope=\"col\" valign=\"middle\">Cuatrimestral<\/td>\n<td style=\"border: 1px solid #77a552;\" scope=\"col\" valign=\"middle\"><\/td>\n<td style=\"border: 1px solid #77a552;\" scope=\"col\" valign=\"middle\">4<\/td>\n<\/tr>\n<tr>\n<td style=\"border: 1px solid #77a552;\" scope=\"col\" valign=\"middle\">Cultura y Comunicaci\u00f3n Contempor\u00e1nea<\/td>\n<td style=\"border: 1px solid #77a552;\" scope=\"col\" valign=\"middle\">Cuatrimestral<\/td>\n<td style=\"border: 1px solid #77a552;\" scope=\"col\" valign=\"middle\"><\/td>\n<td style=\"border: 1px solid #77a552;\" scope=\"col\" valign=\"middle\">4<\/td>\n<\/tr>\n<tr>\n<td style=\"border: 1px solid #77a552;\" scope=\"col\" valign=\"middle\">Morfofisiolog\u00eda Vegetal<\/td>\n<td style=\"border: 1px solid #77a552;\" scope=\"col\" valign=\"middle\">Anual<\/td>\n<td style=\"border: 1px solid #77a552;\" scope=\"col\" valign=\"middle\"><\/td>\n<td style=\"border: 1px solid #77a552;\" scope=\"col\" valign=\"middle\">5<\/td>\n<\/tr>\n<tr>\n<td style=\"border: 1px solid #77a552;\" scope=\"col\" valign=\"middle\">Morfofisiolog\u00eda Animal<\/td>\n<td style=\"border: 1px solid #77a552;\" scope=\"col\" valign=\"middle\">Anual<\/td>\n<td style=\"border: 1px solid #77a552;\" scope=\"col\" valign=\"middle\"><\/td>\n<td style=\"border: 1px solid #77a552;\" scope=\"col\" valign=\"middle\">5<\/td>\n<\/tr>\n<tr>\n<td style=\"border: 1px solid #77a552;\" scope=\"col\" valign=\"middle\">F\u00edsico &#8211; Qu\u00edmica<\/td>\n<td style=\"border: 1px solid #77a552;\" scope=\"col\" valign=\"middle\">Anual<\/td>\n<td style=\"border: 1px solid #77a552;\" scope=\"col\" valign=\"middle\"><\/td>\n<td style=\"border: 1px solid #77a552;\" scope=\"col\" valign=\"middle\">4<\/td>\n<\/tr>\n<tr>\n<td style=\"border: 1px solid #77a552;\" scope=\"col\" valign=\"middle\">Matem\u00e1tica y Estad\u00edstica Aplicada<\/td>\n<td style=\"border: 1px solid #77a552;\" scope=\"col\" valign=\"middle\">Anual<\/td>\n<td style=\"border: 1px solid #77a552;\" scope=\"col\" valign=\"middle\"><\/td>\n<td style=\"border: 1px solid #77a552;\" scope=\"col\" valign=\"middle\">4<\/td>\n<\/tr>\n<tr>\n<td style=\"border: 1px solid #77a552;\" scope=\"col\" valign=\"middle\">Inform\u00e1tica Aplicada y TICS<\/td>\n<td style=\"border: 1px solid #77a552;\" scope=\"col\" valign=\"middle\">Anual<\/td>\n<td style=\"border: 1px solid #77a552;\" scope=\"col\" valign=\"middle\"><\/td>\n<td style=\"border: 1px solid #77a552;\" scope=\"col\" valign=\"middle\">4<\/td>\n<\/tr>\n<tr>\n<td style=\"border: 1px solid #77a552;\" scope=\"col\" valign=\"middle\">Sociolog\u00eda y Econom\u00eda Agraria<\/td>\n<td style=\"border: 1px solid #77a552;\" scope=\"col\" valign=\"middle\">Cuatrimestral<\/td>\n<td style=\"border: 1px solid #77a552;\" scope=\"col\" valign=\"middle\"><\/td>\n<td style=\"border: 1px solid #77a552;\" scope=\"col\" valign=\"middle\"><\/td>\n<\/tr>\n<tr>\n<td style=\"border: 1px solid #77a552;\" scope=\"col\" valign=\"middle\">Pr\u00e1ctica Profesionalizante I<\/td>\n<td style=\"border: 1px solid #77a552;\" scope=\"col\" valign=\"middle\">Cuatrimestral<\/td>\n<td style=\"border: 1px solid #77a552;\" scope=\"col\" valign=\"middle\"><\/td>\n<td style=\"border: 1px solid #77a552;\" scope=\"col\" valign=\"middle\">4<\/td>\n<\/tr>\n<tr>\n<td style=\"border: 1px solid #77a552; background-color: #77a552;\" colspan=\"4\" scope=\"col\" valign=\"middle\"><strong>SEGUNDO A\u00d1O<\/strong><\/td>\n<\/tr>\n<tr>\n<td style=\"border: 1px solid #77a552;\" scope=\"col\" valign=\"middle\">Identidad y Desigualdad Sociocultural<\/td>\n<td style=\"border: 1px solid #77a552;\" scope=\"col\" valign=\"middle\">Cuatrimestral<\/td>\n<td style=\"border: 1px solid #77a552;\" scope=\"col\" valign=\"middle\"><\/td>\n<td style=\"border: 1px solid #77a552;\" scope=\"col\" valign=\"middle\">4<\/td>\n<\/tr>\n<tr>\n<td style=\"border: 1px solid #77a552;\" scope=\"col\" valign=\"middle\">Ingles T\u00e9cnico<\/td>\n<td style=\"border: 1px solid #77a552;\" scope=\"col\" valign=\"middle\">Cuatrimestral<\/td>\n<td style=\"border: 1px solid #77a552;\" scope=\"col\" valign=\"middle\"><\/td>\n<td style=\"border: 1px solid #77a552;\" scope=\"col\" valign=\"middle\">4<\/td>\n<\/tr>\n<tr>\n<td style=\"border: 1px solid #77a552;\" scope=\"col\" valign=\"middle\">Climatolog\u00eda Y Edafolog\u00eda<\/td>\n<td style=\"border: 1px solid #77a552;\" scope=\"col\" valign=\"middle\">Anua<\/td>\n<td style=\"border: 1px solid #77a552;\" scope=\"col\" valign=\"middle\"><\/td>\n<td style=\"border: 1px solid #77a552;\" scope=\"col\" valign=\"middle\">4<\/td>\n<\/tr>\n<tr>\n<td style=\"border: 1px solid #77a552;\" scope=\"col\" valign=\"middle\">Animales de Granja<\/td>\n<td style=\"border: 1px solid #77a552;\" scope=\"col\" valign=\"middle\">Cuatrimestral<\/td>\n<td style=\"border: 1px solid #77a552;\" scope=\"col\" valign=\"middle\"><\/td>\n<td style=\"border: 1px solid #77a552;\" scope=\"col\" valign=\"middle\">5<\/td>\n<\/tr>\n<tr>\n<td style=\"border: 1px solid #77a552;\" scope=\"col\" valign=\"middle\">Maquinaria e Instalaciones Rurales<\/td>\n<td style=\"border: 1px solid #77a552;\" scope=\"col\" valign=\"middle\">Cuatrimestral<\/td>\n<td style=\"border: 1px solid #77a552;\" scope=\"col\" valign=\"middle\"><\/td>\n<td style=\"border: 1px solid #77a552;\" scope=\"col\" valign=\"middle\">5<\/td>\n<\/tr>\n<tr>\n<td style=\"border: 1px solid #77a552;\" scope=\"col\" valign=\"middle\">Manejo e Implantaci\u00f3n de Pasturas<\/td>\n<td style=\"border: 1px solid #77a552;\" scope=\"col\" valign=\"middle\">Cuatrimestral<\/td>\n<td style=\"border: 1px solid #77a552;\" scope=\"col\" valign=\"middle\"><\/td>\n<td style=\"border: 1px solid #77a552;\" scope=\"col\" valign=\"middle\">5<\/td>\n<\/tr>\n<tr>\n<td style=\"border: 1px solid #77a552;\" scope=\"col\" valign=\"middle\">Alimentaci\u00f3n y Nutrici\u00f3n Animal<\/td>\n<td style=\"border: 1px solid #77a552;\" scope=\"col\" valign=\"middle\">Cuatrimestral<\/td>\n<td style=\"border: 1px solid #77a552;\" scope=\"col\" valign=\"middle\"><\/td>\n<td style=\"border: 1px solid #77a552;\" scope=\"col\" valign=\"middle\">5<\/td>\n<\/tr>\n<tr>\n<td style=\"border: 1px solid #77a552;\" scope=\"col\" valign=\"middle\">Cultivos Extensivos I<\/td>\n<td style=\"border: 1px solid #77a552;\" scope=\"col\" valign=\"middle\">Cuatrimestral<\/td>\n<td style=\"border: 1px solid #77a552;\" scope=\"col\" valign=\"middle\"><\/td>\n<td style=\"border: 1px solid #77a552;\" scope=\"col\" valign=\"middle\">5<\/td>\n<\/tr>\n<tr>\n<td style=\"border: 1px solid #77a552;\" scope=\"col\" valign=\"middle\">Pr\u00e1ctica Profesionalizante II<\/td>\n<td style=\"border: 1px solid #77a552;\" scope=\"col\" valign=\"middle\">Anual<\/td>\n<td style=\"border: 1px solid #77a552;\" scope=\"col\" valign=\"middle\"><\/td>\n<td style=\"border: 1px solid #77a552;\" scope=\"col\" valign=\"middle\">8<\/td>\n<\/tr>\n<tr>\n<td style=\"border: 1px solid #77a552; background-color: #77a552;\" colspan=\"4\" scope=\"col\" valign=\"middle\"><strong>TERCER A\u00d1O<\/strong><\/td>\n<\/tr>\n<tr>\n<td style=\"border: 1px solid #77a552;\" scope=\"col\" valign=\"middle\">Procesos Pol\u00edticos, Econ\u00f3micos y el Mundo del Trabajo<\/td>\n<td style=\"border: 1px solid #77a552;\" scope=\"col\" valign=\"middle\">Anual<\/td>\n<td style=\"border: 1px solid #77a552;\" scope=\"col\" valign=\"middle\"><\/td>\n<td style=\"border: 1px solid #77a552;\" scope=\"col\" valign=\"middle\">4<\/td>\n<\/tr>\n<tr>\n<td style=\"border: 1px solid #77a552;\" scope=\"col\" valign=\"middle\">Cultivos Extensivos II<\/td>\n<td style=\"border: 1px solid #77a552;\" scope=\"col\" valign=\"middle\">Cuatrimestral<\/td>\n<td style=\"border: 1px solid #77a552;\" scope=\"col\" valign=\"middle\"><\/td>\n<td style=\"border: 1px solid #77a552;\" scope=\"col\" valign=\"middle\">5<\/td>\n<\/tr>\n<tr>\n<td style=\"border: 1px solid #77a552;\" scope=\"col\" valign=\"middle\">Administraci\u00f3n y Gesti\u00f3n\u00a0 Agropecuaria<\/td>\n<td style=\"border: 1px solid #77a552;\" scope=\"col\" valign=\"middle\">Cuatrimestral<\/td>\n<td style=\"border: 1px solid #77a552;\" scope=\"col\" valign=\"middle\"><\/td>\n<td style=\"border: 1px solid #77a552;\" scope=\"col\" valign=\"middle\">5<\/td>\n<\/tr>\n<tr>\n<td style=\"border: 1px solid #77a552;\" scope=\"col\" valign=\"middle\">Proyecto y Gesti\u00f3n de Emprendimientos\u00a0 Agropecuarios<\/td>\n<td style=\"border: 1px solid #77a552;\" scope=\"col\" valign=\"middle\">Cuatrimestral<\/td>\n<td style=\"border: 1px solid #77a552;\" scope=\"col\" valign=\"middle\"><\/td>\n<td style=\"border: 1px solid #77a552;\" scope=\"col\" valign=\"middle\">4<\/td>\n<\/tr>\n<tr>\n<td style=\"border: 1px solid #77a552;\" scope=\"col\" valign=\"middle\">Producci\u00f3n Ganado Menor<\/td>\n<td style=\"border: 1px solid #77a552;\" scope=\"col\" valign=\"middle\">Cuatrimestral<\/td>\n<td style=\"border: 1px solid #77a552;\" scope=\"col\" valign=\"middle\"><\/td>\n<td style=\"border: 1px solid #77a552;\" scope=\"col\" valign=\"middle\">5<\/td>\n<\/tr>\n<tr>\n<td style=\"border: 1px solid #77a552;\" scope=\"col\" valign=\"middle\">Procesos Agroindustriales<\/td>\n<td style=\"border: 1px solid #77a552;\" scope=\"col\" valign=\"middle\">Cuatrimestral<\/td>\n<td style=\"border: 1px solid #77a552;\" scope=\"col\" valign=\"middle\"><\/td>\n<td style=\"border: 1px solid #77a552;\" scope=\"col\" valign=\"middle\">4<\/td>\n<\/tr>\n<tr>\n<td style=\"border: 1px solid #77a552;\" scope=\"col\" valign=\"middle\">Producci\u00f3n Ganadera Bovina<\/td>\n<td style=\"border: 1px solid #77a552;\" scope=\"col\" valign=\"middle\">Anual<\/td>\n<td style=\"border: 1px solid #77a552;\" scope=\"col\" valign=\"middle\"><\/td>\n<td style=\"border: 1px solid #77a552;\" scope=\"col\" valign=\"middle\">4<\/td>\n<\/tr>\n<tr>\n<td style=\"border: 1px solid #77a552;\" scope=\"col\" valign=\"middle\">Cultivos Intensivos<\/td>\n<td style=\"border: 1px solid #77a552;\" scope=\"col\" valign=\"middle\">Anual<\/td>\n<td style=\"border: 1px solid #77a552;\" scope=\"col\" valign=\"middle\"><\/td>\n<td style=\"border: 1px solid #77a552;\" scope=\"col\" valign=\"middle\">4<\/td>\n<\/tr>\n<tr>\n<td style=\"border: 1px solid #77a552;\" scope=\"col\" valign=\"middle\"><span lang=\"ES\">Pr\u00e1ctica Profesionalizante III<\/span><\/td>\n<td style=\"border: 1px solid #77a552;\" scope=\"col\" valign=\"middle\">Anual<\/td>\n<td style=\"border: 1px solid #77a552;\" scope=\"col\" valign=\"middle\"><\/td>\n<td style=\"border: 1px solid #77a552;\" scope=\"col\" valign=\"middle\">10<\/td>\n<\/tr>\n<\/tbody>\n<\/table>\n","protected":false},"excerpt":{"rendered":"<p>ESTABLECIMIENTO:\u00a0INSTITUTO SUPERIOR \u00abGOYA\u00bb DENOMINACI\u00d3N DE LA CARRERA:\u00a0\u00abTECNICATURA SUPERIOR EN GESTION DE LA PRODUCCION AGROPECUARIA\u00bb DECRETO\/RESOLUCI\u00d3N:\u00a0RESOLUCI\u00d3N N\u00b0 E\/T T\u00cdTULO QUE OTORGA:\u00a0TECNICO SUPERIOR EN GESTION DE LA PRODUCCION AGROPECUARIA T\u00cdTULO INTERMEDIO: &#8212;&#8212;&#8212;&#8212;&#8212;&#8212;&#8212;&#8212;&#8212;&#8212;&#8212;&#8211; DURACI\u00d3N DE LA CARRERA:\u00a0TRES A\u00d1OS \u00a0 PRIMER A\u00d1O \u00a0\u00a0Unidad curricular \u00a0\u00a0R\u00e9gimen\u00a0 \u00a0Formato Horas Did\u00e1cticas Relaci\u00f3n Estado Y Sociedad Cuatrimestral 4 Cultura y Comunicaci\u00f3n Contempor\u00e1nea Cuatrimestral &#8230; <a title=\"Plan de Estudio Producci\u00f3n Agropecuaria\" class=\"read-more\" href=\"https:\/\/isgoya-crr.infd.edu.ar\/sitio\/plan-de-estudio-13\/\" aria-label=\"More on Plan de Estudio Producci\u00f3n Agropecuaria\">[+]<\/a><\/p>\n","protected":false},"author":2329,"featured_media":0,"parent":0,"menu_order":0,"comment_status":"closed","ping_status":"closed","template":"","meta":[],"acf":[],"_links":{"self":[{"href":"https:\/\/isgoya-crr.infd.edu.ar\/sitio\/wp-json\/wp\/v2\/pages\/1139"}],"collection":[{"href":"https:\/\/isgoya-crr.infd.edu.ar\/sitio\/wp-json\/wp\/v2\/pages"}],"about":[{"href":"https:\/\/isgoya-crr.infd.edu.ar\/sitio\/wp-json\/wp\/v2\/types\/page"}],"author":[{"embeddable":true,"href":"https:\/\/isgoya-crr.infd.edu.ar\/sitio\/wp-json\/wp\/v2\/users\/2329"}],"replies":[{"embeddable":true,"href":"https:\/\/isgoya-crr.infd.edu.ar\/sitio\/wp-json\/wp\/v2\/comments?post=1139"}],"version-history":[{"count":1,"href":"https:\/\/isgoya-crr.infd.edu.ar\/sitio\/wp-json\/wp\/v2\/pages\/1139\/revisions"}],"predecessor-version":[{"id":1220,"href":"https:\/\/isgoya-crr.infd.edu.ar\/sitio\/wp-json\/wp\/v2\/pages\/1139\/revisions\/1220"}],"wp:attachment":[{"href":"https:\/\/isgoya-crr.infd.edu.ar\/sitio\/wp-json\/wp\/v2\/media?parent=1139"}],"curies":[{"name":"wp","href":"https:\/\/api.w.org\/{rel}","templated":true}]}}