{"id":1459,"date":"2022-11-16T21:13:30","date_gmt":"2022-11-17T00:13:30","guid":{"rendered":"https:\/\/isgoya-crr.infd.edu.ar\/sitio\/?page_id=1459"},"modified":"2022-11-16T21:13:31","modified_gmt":"2022-11-17T00:13:31","slug":"plan-de-estudios-hoteleria","status":"publish","type":"page","link":"https:\/\/isgoya-crr.infd.edu.ar\/sitio\/plan-de-estudios-hoteleria\/","title":{"rendered":"Plan de Estudios Hoteler\u00eda"},"content":{"rendered":"\n<div class=\"wp-block-columns is-layout-flex wp-container-2\">\n<div class=\"wp-block-column is-layout-flow\" style=\"flex-basis:100%\">\n<figure class=\"wp-block-table is-style-stripes\"><table><tbody><tr><td class=\"has-text-align-center\" data-align=\"center\"><strong>Carrera: \u201cTecnicatura Superior en Hoteler\u00eda\u201d (Res. N\u00ba 6755\/2021 )<\/strong><\/td><\/tr><tr><td class=\"has-text-align-center\" data-align=\"center\"><strong>Estructura Curricular (Plan de Estudio)<\/strong><\/td><td>&nbsp;<\/td><\/tr><tr><td class=\"has-text-align-center\" data-align=\"center\"><strong>C\u00f3d.<\/strong><\/td><td><strong>Unidad Curricular<\/strong><\/td><td><strong>R\u00e9gimen de Cursada<\/strong><\/td><td><strong>Formato<\/strong><\/td><td><strong>Hs. Did\u00e1cticas Semanales<\/strong><\/td><td><strong>Hs. Did\u00e1cticas Anuales<\/strong><\/td><td><strong>Hs. Totales (Reloj)<\/strong><\/td><td>&nbsp;<\/td><\/tr><tr><td class=\"has-text-align-center\" data-align=\"center\"><strong>1\u00ba A\u00f1o<\/strong><\/td><td>&nbsp;<\/td><\/tr><tr><td class=\"has-text-align-center\" data-align=\"center\">1<\/td><td>Introducci\u00f3n a la Hoteler\u00eda<\/td><td>Anual<\/td><td>Materia<\/td><td>4<\/td><td>128<\/td><td>85<\/td><td>&nbsp;<\/td><\/tr><tr><td class=\"has-text-align-center\" data-align=\"center\">2<\/td><td>Servicios Tur\u00edsticos y Calidad de Atenci\u00f3n al Cliente<\/td><td>Anual<\/td><td>Materia<\/td><td>4<\/td><td>128<\/td><td>85<\/td><td>&nbsp;<\/td><\/tr><tr><td class=\"has-text-align-center\" data-align=\"center\">3<\/td><td>Administraci\u00f3n de Empresas<\/td><td>Anual<\/td><td>Materia<\/td><td>4<\/td><td>128<\/td><td>85<\/td><td>&nbsp;<\/td><\/tr><tr><td class=\"has-text-align-center\" data-align=\"center\">4<\/td><td>Portugu\u00e9s<\/td><td>Anual<\/td><td>Materia<\/td><td>4<\/td><td>128<\/td><td>85<\/td><td>&nbsp;<\/td><\/tr><tr><td class=\"has-text-align-center\" data-align=\"center\">5<\/td><td>Ingl\u00e9s I<\/td><td>Anual<\/td><td>Materia<\/td><td>4<\/td><td>128<\/td><td>85<\/td><td>&nbsp;<\/td><\/tr><tr><td class=\"has-text-align-center\" data-align=\"center\">6<\/td><td>Gesti\u00f3n de Recursos Humanos Hoteleros<\/td><td>1\u00b0 Cuat.<\/td><td>Materia<\/td><td>4<\/td><td>64<\/td><td>43<\/td><td>&nbsp;<\/td><\/tr><tr><td class=\"has-text-align-center\" data-align=\"center\">7<\/td><td>Introducci\u00f3n a los Sistemas Contables<\/td><td>1\u00b0 Cuat.<\/td><td>Materia<\/td><td>4<\/td><td>64<\/td><td>43<\/td><td>&nbsp;<\/td><\/tr><tr><td class=\"has-text-align-center\" data-align=\"center\">8<\/td><td>Procesos Pol\u00edticos y Econ\u00f3micos de Mundo Actual<\/td><td>2\u00b0 Cuat.<\/td><td>Materia<\/td><td>4<\/td><td>64<\/td><td>43<\/td><td>&nbsp;<\/td><\/tr><tr><td class=\"has-text-align-center\" data-align=\"center\">9<\/td><td>Legislaci\u00f3n Hotelera<\/td><td>2\u00b0 Cuat.<\/td><td>Materia<\/td><td>4<\/td><td>64<\/td><td>43<\/td><td>&nbsp;<\/td><\/tr><tr><td class=\"has-text-align-center\" data-align=\"center\"><strong>2\u00ba A\u00f1o<\/strong><\/td><td>&nbsp;<\/td><\/tr><tr><td class=\"has-text-align-center\" data-align=\"center\">10<\/td><td>Administraci\u00f3n y Contabilidad Hotelera<\/td><td>Anual<\/td><td>Materia<\/td><td>4<\/td><td>128<\/td><td>85<\/td><td>&nbsp;<\/td><\/tr><tr><td class=\"has-text-align-center\" data-align=\"center\">11<\/td><td>Organizaci\u00f3n Hotelera: Recepci\u00f3n y Conserjer\u00eda<\/td><td>Anual<\/td><td>Materia<\/td><td>4<\/td><td>128<\/td><td>85<\/td><td>&nbsp;<\/td><\/tr><tr><td class=\"has-text-align-center\" data-align=\"center\">12<\/td><td>Organizaci\u00f3n Hotelera: Pisos<\/td><td>Anual<\/td><td>Materia<\/td><td>4<\/td><td>128<\/td><td>85<\/td><td>&nbsp;<\/td><\/tr><tr><td class=\"has-text-align-center\" data-align=\"center\">13<\/td><td>Organizaci\u00f3n Hotelera: Alimentos y Bebidas<\/td><td>Anual<\/td><td>Materia<\/td><td>4<\/td><td>128<\/td><td>85<\/td><td>&nbsp;<\/td><\/tr><tr><td class=\"has-text-align-center\" data-align=\"center\">14<\/td><td>Ingl\u00e9s 2<\/td><td>Anual<\/td><td>Materia<\/td><td>4<\/td><td>128<\/td><td>85<\/td><td>&nbsp;<\/td><\/tr><tr><td class=\"has-text-align-center\" data-align=\"center\">15<\/td><td>Organizaci\u00f3n Hotelera: Eventos<\/td><td>1\u00b0 Cuat.<\/td><td>Materia<\/td><td>5<\/td><td>80<\/td><td>53<\/td><td>&nbsp;<\/td><\/tr><tr><td class=\"has-text-align-center\" data-align=\"center\">16<\/td><td>Organizaci\u00f3n Hotelera: Mantenimiento y Conservaci\u00f3n<\/td><td>2\u00b0 Cuat.<\/td><td>Materia<\/td><td>5<\/td><td>80<\/td><td>53<\/td><td>&nbsp;<\/td><\/tr><tr><td class=\"has-text-align-center\" data-align=\"center\">17<\/td><td>Pr\u00e1ctica Profesional<\/td><td>Anual<\/td><td>Pr\u00e1ctica Profesionalizante<\/td><td>6<\/td><td>192<\/td><td>128<\/td><td>&nbsp;<\/td><\/tr><tr><td class=\"has-text-align-center\" data-align=\"center\"><strong>3\u00ba A\u00f1o<\/strong><\/td><td>&nbsp;<\/td><\/tr><tr><td class=\"has-text-align-center\" data-align=\"center\">18<\/td><td>Inform\u00e1tica Aplicada<\/td><td>Anual<\/td><td>Materia<\/td><td>4<\/td><td>128<\/td><td>85<\/td><td>&nbsp;<\/td><\/tr><tr><td class=\"has-text-align-center\" data-align=\"center\">19<\/td><td>Mercadotecnia Hotelera<\/td><td>Anual<\/td><td>Materia<\/td><td>4<\/td><td>128<\/td><td>85<\/td><td>&nbsp;<\/td><\/tr><tr><td class=\"has-text-align-center\" data-align=\"center\">20<\/td><td>Emprendimientos Hoteleros<\/td><td>Anual<\/td><td>Taller<\/td><td>4<\/td><td>128<\/td><td>85<\/td><td>&nbsp;<\/td><\/tr><tr><td class=\"has-text-align-center\" data-align=\"center\">21<\/td><td>Relaci\u00f3n Estado-Sociedad<\/td><td>1\u00b0 Cuat.<\/td><td>Materia<\/td><td>4<\/td><td>64<\/td><td>43<\/td><td>&nbsp;<\/td><\/tr><tr><td class=\"has-text-align-center\" data-align=\"center\">22<\/td><td>Identidad, Diversidad y Desigualdades Socioculturales<\/td><td>1\u00b0 Cuat.<\/td><td>Materia<\/td><td>4<\/td><td>64<\/td><td>43<\/td><td>&nbsp;<\/td><\/tr><tr><td class=\"has-text-align-center\" data-align=\"center\">23<\/td><td>Cultura y Comunicaci\u00f3n Contempor\u00e1nea<\/td><td>2\u00b0 Cuat.<\/td><td>Materia<\/td><td>4<\/td><td>64<\/td><td>43<\/td><td>&nbsp;<\/td><\/tr><tr><td class=\"has-text-align-center\" data-align=\"center\">24<\/td><td>Sistemas de Seguridad<\/td><td>2\u00b0 Cuat.<\/td><td>Materia<\/td><td>4<\/td><td>64<\/td><td>43<\/td><td>&nbsp;<\/td><\/tr><tr><td class=\"has-text-align-center\" data-align=\"center\">25<\/td><td>Residencia<\/td><td>Anual<\/td><td>Pr\u00e1ctica Profesionalizante<\/td><td>12<\/td><td>384<\/td><td>256<\/td><td>&nbsp;<\/td><\/tr><tr><td class=\"has-text-align-center\" data-align=\"center\"><strong>Totales de Horas<\/strong><\/td><td>2912<\/td><td>1940<\/td><td>&nbsp;<\/td><\/tr><\/tbody><\/table><\/figure>\n<\/div>\n<\/div>\n","protected":false},"excerpt":{"rendered":"<p>Carrera: \u201cTecnicatura Superior en Hoteler\u00eda\u201d (Res. N\u00ba 6755\/2021 ) Estructura Curricular (Plan de Estudio) &nbsp; C\u00f3d. Unidad Curricular R\u00e9gimen de Cursada Formato Hs. Did\u00e1cticas Semanales Hs. Did\u00e1cticas Anuales Hs. Totales (Reloj) &nbsp; 1\u00ba A\u00f1o &nbsp; 1 Introducci\u00f3n a la Hoteler\u00eda Anual Materia 4 128 85 &nbsp; 2 Servicios Tur\u00edsticos y Calidad de Atenci\u00f3n al Cliente &#8230; <a title=\"Plan de Estudios Hoteler\u00eda\" class=\"read-more\" href=\"https:\/\/isgoya-crr.infd.edu.ar\/sitio\/plan-de-estudios-hoteleria\/\" aria-label=\"More on Plan de Estudios Hoteler\u00eda\">[+]<\/a><\/p>\n","protected":false},"author":2137,"featured_media":0,"parent":0,"menu_order":0,"comment_status":"closed","ping_status":"closed","template":"","meta":[],"acf":[],"_links":{"self":[{"href":"https:\/\/isgoya-crr.infd.edu.ar\/sitio\/wp-json\/wp\/v2\/pages\/1459"}],"collection":[{"href":"https:\/\/isgoya-crr.infd.edu.ar\/sitio\/wp-json\/wp\/v2\/pages"}],"about":[{"href":"https:\/\/isgoya-crr.infd.edu.ar\/sitio\/wp-json\/wp\/v2\/types\/page"}],"author":[{"embeddable":true,"href":"https:\/\/isgoya-crr.infd.edu.ar\/sitio\/wp-json\/wp\/v2\/users\/2137"}],"replies":[{"embeddable":true,"href":"https:\/\/isgoya-crr.infd.edu.ar\/sitio\/wp-json\/wp\/v2\/comments?post=1459"}],"version-history":[{"count":1,"href":"https:\/\/isgoya-crr.infd.edu.ar\/sitio\/wp-json\/wp\/v2\/pages\/1459\/revisions"}],"predecessor-version":[{"id":1460,"href":"https:\/\/isgoya-crr.infd.edu.ar\/sitio\/wp-json\/wp\/v2\/pages\/1459\/revisions\/1460"}],"wp:attachment":[{"href":"https:\/\/isgoya-crr.infd.edu.ar\/sitio\/wp-json\/wp\/v2\/media?parent=1459"}],"curies":[{"name":"wp","href":"https:\/\/api.w.org\/{rel}","templated":true}]}}